What are the prime factors of j?
2
Let f(v) = 3*v**3 - v**3 + v**3 + 7*v**2 - 2*v**3 + 7*v + 9. What are the prime factors of f(-6)?
3
Let d(c) = -31*c - 2. List the prime factors of d(-10).
2, 7, 11
Suppose 6*s + 4 = 2*s - f, -4 = -2*s + f. Suppose 5*m + 18 = -2*j, 2*j + 16 = -4*m - s*j. List the prime factors of (-115)/(-13) + m/(-13).
3
Let o(c) = -c**2 - 4*c - 2. Let m be o(-3). Let a(u) = 9*u**2 + u. Let z be a(m). Let w = -7 + z. List the prime factors of w.
3
Let k be 1/1 + (-4 - -6). Let d(t) = -t**3 + 3*t**2 - 2*t + 4. Let p be d(k). What are the prime factors of 14 + 1 + p - -3?
2
Let w = -1 + 1. Suppose 3*o + 22 = -3*q + 7*o, -2*o + 8 = 0. Let f = w - q. What are the prime factors of f?
2
Let d(p) be the first derivative of 2*p**3 + p**2/2 - p + 1. List the prime factors of d(-2).
3, 7
Let t be -2 + (-2)/2 - -2. Let x = t + 15. What are the prime factors of x?
2, 7
Let t(y) = y**2 - 10*y - 27. What are the prime factors of t(17)?
2, 23
Let b be (-66)/55*10/(-4). Let y be 4*6/4*-1. Let a = b - y. What are the prime factors of a?
3
Let g(r) = r**3 - 8*r**2 + 7*r + 7. Let w = -20 + 31. Let b be 12/8 + w/2. List the prime factors of g(b).
7
Suppose -4*v + 90 = 2*u, -3*v + u = -0*v - 65. Suppose 4*a + 52 = -0*a. Let r = v + a. What are the prime factors of r?
3
Suppose 4*y + 10 + 2 = 0. What are the prime factors of (8/y)/(4/(-6))?
2
Suppose 0 = -3*x - 4*h + 99, 7*x - 3*x + 5*h = 132. Suppose x = 3*p - 5*t + 3, -3*p + 6 = 3*t. Suppose p = n + 2. List the prime factors of n.
3
List the prime factors of (-2)/(-5) + (-28)/20 - -68.
67
Suppose 2*r - 48 = -5*v + r, -34 = -3*v + 2*r. Suppose -i = 1 - v. List the prime factors of (-2)/(((-12)/i)/2).
3
Suppose 5*o - 3*a - 40 = 0, -2*o = 2*a - 6*a - 30. Suppose -2*v - 6 = 0, -6 = -0*x + x + o*v. List the prime factors of x.
3
Let w be 1*12/((-3)/(-1)). Suppose w*x + 4*f = 24 - 0, 0 = 5*x - 3*f - 54. What are the prime factors of x?
3
Let o = -11 + 9. Let h = 7 + o. What are the prime factors of h?
5
Let w(h) = h**3 + 3*h**2 - h + 1. Let n be w(-3). Suppose 0 = -n*o - 4*m + 52, 2*m - 3*m - 3 = -o. What are the prime factors of o?
2
Let v = -6 - -8. Let i be (-2)/4 + (-18)/(-4). Suppose v*u = 6 + i. List the prime factors of u.
5
Let u(j) = j**2 - j + 11. Let c(z) = -z**2 + 2 - 4 + 5 - 2*z. Let l be c(-3). What are the prime factors of u(l)?
11
Suppose 4*v + 403 + 110 = -t, 4*t - 636 = 5*v. Let x = -73 - v. Suppose -x - 11 = -4*h + z, h - 2*z = 20. What are the prime factors of h?
2
Suppose 0 = -3*h - h - 2*f - 16, -3*h - 21 = -3*f. Let b be (-197)/h + 3/5. Suppose 0 = 2*x + 10, -u - 4*u - 4*x + b = 0. What are the prime factors of u?
2, 3
Let j(u) = u**2 + 5*u + 4. Let k be j(-5). Suppose k + 9 = n. Suppose 5*y = w + n, 0*y + 17 = w + y. List the prime factors of w.
2, 3
Suppose -3*p + 3*r = -p - 204, 0 = p + 4*r - 91. What are the prime factors of p?
3, 11
Suppose -t - 4*b + 12 = -0*t, 0 = 4*t + b - 3. Suppose 2*y + 2*w - 88 = t, -3*y - 2*w + 127 = -0*w. List the prime factors of y.
3, 13
Suppose 4*z = -29 + 181. What are the prime factors of z?
2, 19
Let l(w) = w**3 + 4*w**2 + 2*w + 3. Let b be l(-4). Suppose 64 = 5*p - p. Let f = p + b. What are the prime factors of f?
11
Let p(m) = -5*m - 39. List the prime factors of p(-13).
2, 13
Let m(s) be the third derivative of -s**6/120 - s**5/10 - s**4/6 + 5*s**2. What are the prime factors of m(-6)?
2, 3
Suppose x - 5*s = -4*s + 5, -5*x = 2*s + 10. Suppose x = 5*t + 5*z - 55, 5*t + 3*z - 76 = -13. List the prime factors of t.
3, 5
Suppose -5*d + 23 = -2. Let i(n) = n**3 - 5*n**2 + 4*n - 1. What are the prime factors of i(d)?
19
Let x(f) = -21*f**2 + 2*f - 5. Let p(q) = -32*q**2 + 3*q - 8. Let n(a) = 5*p(a) - 8*x(a). What are the prime factors of n(1)?
7
Suppose 2*l - 2 = 0, 4*k + l = -0*k - 3. Let i = 1 + k. Suppose 4*g - 2*r + 2 = i, -g - 1 - 2 = -r. List the prime factors of g.
2
Suppose d = -5 - 4. Let h = d + 37. List the prime factors of h.
2, 7
Suppose 8*v - 3*v + 90 = 0. Let m = -7 - v. What are the prime factors of m?
11
What are the prime factors of (262/4)/((-21)/6 - -4)?
131
Let u = 1 - -41. List the prime factors of u.
2, 3, 7
Suppose 0*z + 3*z - 45 = 0. Suppose z = 2*t - 5*n, 0 = 5*t - 6*n + 4*n - 27. List the prime factors of t.
5
List the prime factors of (-27)/(-2)*((-136)/(-12))/1.
3, 17
Let y(v) = -33*v + 6. What are the prime factors of y(-5)?
3, 19
Let o = 184 + -129. List the prime factors of o.
5, 11
Suppose 5*o + 284 - 49 = 5*v, -v = -2*o - 43. What are the prime factors of v?
3, 17
Let d(l) = -l**2 + 8*l. Let c(h) be the first derivative of h**2/2 + 12*h + 1. Let q be c(-6). What are the prime factors of d(q)?
2, 3
Suppose 66 = 3*g - 39. What are the prime factors of g?
5, 7
Let r(v) = 7*v + 4. List the prime factors of r(3).
5
Let s = -6 - -9. Suppose -s*l + 0*l - 5*z = -18, 3*l + 3*z = 18. What are the prime factors of l?
2, 3
Let k(q) = q**3 + 2*q**2 + 2*q - 5. Let b be k(3). Let l = 86 - b. List the prime factors of l.
2, 5
Let f(x) = x**2 - 6*x + 5. Let w be f(6). Suppose -3*n + 46 = -w*g, -2*n - 5*g + 64 = -0*n. What are the prime factors of n?
2, 11
Suppose 2*m = -0*m. Let y = 4 + -4. Suppose 4*t = 4, m = b - y*b - 5*t + 3. List the prime factors of b.
2
Suppose -5*b + 90 = -5*x, 0 = -5*b - 4*x + x + 50. Suppose 2*g = b - 3. List the prime factors of g.
5
Let k be 20 + 4 - (-3 - 0). Let g = k - 8. List the prime factors of g.
19
Suppose 11 = 3*k - 19. What are the prime factors of k?
2, 5
Let q be 172/20 - 4/(-10). Suppose 5*w + 2*r + 6 = 0, 3*w + 3*r + 0 = -q. Suppose -5*m + 55 = -w*m. List the prime factors of m.
11
Let m = -3 - -9. Suppose -2*i + m = 0, 2*g - 5*g = -i. List the prime factors of g/2 + (-115)/(-10).
2, 3
Let m = 9 + -7. Let q be 2 - (m - (2 - 2)). Suppose 3*t - 2 - 4 = q. What are the prime factors of t?
2
Let p(b) = b**2. Let j be p(-1). What are the prime factors of 18*1*j/2?
3
List the prime factors of (-3)/((-18)/(-4)) + (-141)/(-9).
3, 5
Let r = 148 - 37. Suppose -3*a = -3*n + 81, 4*n + 0*n - 3*a = r. What are the prime factors of n?
2, 3, 5
Suppose 4 = p - 2. List the prime factors of ((-9)/p)/(3/(-56)).
2, 7
Let p(n) = 3*n**3 - 3*n + 6*n**2 + 7 + 9*n - 4*n**3 + 0. Let i be p(7). Suppose i = -5*w + 41 + 14. What are the prime factors of w?
11
Suppose -u + 0 = 6. Let t be (-2)/u + (-1)/3. Suppose t = -5*i - 0*i + 15. What are the prime factors of i?
3
Let j(t) = 9*t - 4. Let a be j(4). Suppose a = 2*i + 2*z, i - 11 = z + 5. List the prime factors of i.
2
Suppose -3*x = 2*x - 290. List the prime factors of x.
2, 29
Let g = 59 - 30. List the prime factors of g.
29
Suppose -4*v - 4*k = -300, -4*v + k - 93 = -378. List the prime factors of v.
2, 3
Suppose 3*h + 52 = 5*m, -m - 12 = -0*m + 5*h. Let g = 2 - -3. Suppose -g*z + m = -z. What are the prime factors of z?
2
Let j(o) = -o**3 + 10*o**2 + 2*o + 8. List the prime factors of j(10).
2, 7
Let h(c) = 2*c. Let x be h(1). Suppose -11 + 3 = -x*s. What are the prime factors of s?
2
What are the prime factors of (-8192)/(-44) + 2/(-11)?
2, 3, 31
Let j(t) = 46*t**2 - 4*t + 4. Let d be j(7). Let s be d/(-50) + (-2)/5. List the prime factors of ((-8)/(-10))/((-9)/s).
2
Let r = -7 - -23. Suppose -508 = -2*d + 5*w, 0*w + 4*w + r = 0. What are the prime factors of 2/(-10) + d/20?
2, 3
Suppose 0 = 5*m - 3*w - 0 + 22, -4*m = w + 4. Suppose -3*l - 7 = -2*j, 0 = j + l + 3*l + 2. What are the prime factors of j/(-1)*(m + 0)?
2
Let k be (68/8)/((-2)/(-4)). Let o = -12 + k. Suppose 0 = -4*y - 3*i + 31 + 3, 3*y - 31 = -o*i. What are the prime factors of y?
7
Suppose -4*g + u + 100 = 4*u, 0 = -3*g - 5*u + 64. What are the prime factors of g?
2, 7
Let b be (-11)/(-3) + (-6)/(-18). Suppose -b*z = -9*z + 25. List the prime factors of z.
5
Let g(v) = -v**2 - 6*v. Suppose 5*u - 4 = 6*u. List the prime factors of g(u).
2
Suppose -3*q - 2*q + 70 = 0. Let p(g) = -g**3 + 8*g**2 + 2*g + 5. Let m be p(8). Let a = m - q. List the prime factors of a.
7
Suppose 0 = 5*m - 2*m - 12. Suppose m*z - 56 = -8. Let g = 6 + z. List the prime factors of g.
2, 3
Let p(t) = t**3 - 8*t**2 - t + 9. Let w be p(8). Let d(q) = q - w + 14 - 3. List the prime factors of d(0).
2, 5
Let c = -2 - 8. Let i(v) = v**3 - 4*v**2 - v + 1. Let x be i(5). Let m = x + c. What are the prime factors of m?
11
Supp